9?
4
What is the tens digit of 3715?
1
What is the thousands digit of 53025?
3
What is the tens digit of 88682?
8
What is the units digit of 1885?
5
What is the thousands digit of 1316?
1
What is the hundreds digit of 630?
6
What is the tens digit of 176149?
4
What is the units digit of 8607?
7
What is the hundreds digit of 75872?
8
What is the ten thousands digit of 26444?
2
What is the hundreds digit of 18985?
9
What is the tens digit of 4523?
2
What is the thousands digit of 10843?
0
What is the units digit of 15508?
8
What is the units digit of 679?
9
What is the tens digit of 6414?
1
What is the units digit of 1722?
2
What is the ten thousands digit of 81893?
8
What is the tens digit of 1113?
1
What is the units digit of 639?
9
What is the units digit of 1172?
2
What is the units digit of 16185?
5
What is the thousands digit of 4159?
4
What is the hundreds digit of 41659?
6
What is the tens digit of 834?
3
What is the tens digit of 2342?
4
What is the ten thousands digit of 14501?
1
What is the thousands digit of 3215?
3
What is the units digit of 45?
5
What is the hundreds digit of 45469?
4
What is the units digit of 8?
8
What is the units digit of 5817?
7
What is the tens digit of 3359?
5
What is the hundreds digit of 11531?
5
What is the hundreds digit of 1871?
8
What is the hundreds digit of 153834?
8
What is the hundreds digit of 1213?
2
What is the ten thousands digit of 20217?
2
What is the tens digit of 1884?
8
What is the hundreds digit of 97542?
5
What is the units digit of 79523?
3
What is the hundreds digit of 25769?
7
What is the units digit of 978?
8
What is the hundreds digit of 379?
3
What is the hundreds digit of 39382?
3
What is the thousands digit of 1018?
1
What is the tens digit of 60?
6
What is the units digit of 362?
2
What is the thousands digit of 49923?
9
What is the thousands digit of 1932?
1
What is the units digit of 44000?
0
What is the hundreds digit of 4175?
1
What is the ten thousands digit of 16204?
1
What is the units digit of 8948?
8
What is the units digit of 33179?
9
What is the units digit of 582?
2
What is the hundreds digit of 425?
4
What is the units digit of 54997?
7
What is the units digit of 80984?
4
What is the ten thousands digit of 97924?
9
What is the tens digit of 16719?
1
What is the thousands digit of 1056?
1
What is the tens digit of 5289?
8
What is the units digit of 3065?
5
What is the hundreds digit of 13984?
9
What is the units digit of 6735?
5
What is the tens digit of 126383?
8
What is the thousands digit of 1729?
1
What is the hundreds digit of 201?
2
What is the tens digit of 1872?
7
What is the hundreds digit of 3315?
3
What is the tens digit of 406?
0
What is the tens digit of 1941?
4
What is the ten thousands digit of 28211?
2
What is the tens digit of 3704?
0
What is the hundreds digit of 718?
7
What is the tens digit of 43031?
3
What is the thousands digit of 16531?
6
What is the units digit of 63?
3
What is the units digit of 2299?
9
What is the ten thousands digit of 21625?
2
What is the tens digit of 4235?
3
What is the units digit of 1577?
7
What is the tens digit of 1166?
6
What is the hundreds digit of 43934?
9
What is the hundreds digit of 828?
8
What is the tens digit of 6196?
9
What is the hundreds digit of 8453?
4
What is the units digit of 5332?
2
What is the tens digit of 408?
0
What is the tens digit of 8143?
4
What is the units digit of 86330?
0
What is the units digit of 8462?
2
What is the units digit of 2646?
6
What is the tens digit of 68676?
7
What is the units digit of 7145?
5
What is the tens digit of 3720?
2
What is the tens digit of 12111?
1
What is the tens digit of 1252?
5
What is the units digit of 96509?
9
What is the units digit of 18958?
8
What is the ten thousands digit of 21623?
2
What is the units digit of 57767?
7
What is the thousands digit of 4421?
4
What is the ten thousands digit of 116978?
1
What is the hundreds digit of 24256?
2
What is the ten thousands digit of 11784?
1
What is the hundreds digit of 178?
1
What is the thousands digit of 14475?
4
What is the hundreds digit of 2607?
6
What is the ten thousands digit of 11969?
1
What is the hundreds digit of 60965?
9
What is the thousands digit of 3551?
3
What is the units digit of 35313?
3
What is the thousands digit of 1552?
1
What is the hundreds digit of 42481?
4
What is the hundreds digit of 1506?
5
What is the hundreds digit of 38977?
9
What is the units digit of 1810?
0
What is the units digit of 3660?
0
What is the thousands digit of 3062?
3
What is the tens digit of 489?
8
What is the tens digit of 1687?
8
What is the thousands digit of 2240?
2
What is the hundreds digit of 22875?
8
What is the hundreds digit of 12990?
9
What is the tens digit of 4803?
0
What is the hundreds digit of 76644?
6
What is the units digit of 16595?
5
What is the thousands digit of 5920?
5
What is the units digit of 80?
0
What is the ten thousands digit of 21195?
2
What is the hundreds digit of 2964?
9
What is the hundreds digit of 1333?
3
What is the thousands digit of 26979?
6
What is the hundreds digit of 11896?
8
What is the hundreds digit of 889?
8
What is the tens digit of 1501?
0
What is the units digit of 402?
2
What is the units digit of 17098?
8
What is the hundreds digit of 17072?
0
What is the hundreds digit of 5335?
3
What is the hundreds digit of 533?
5
What is the units digit of 34095?
5
What is the units digit of 1140?
0
What is the thousands digit of 62748?
2
What is the hundreds digit of 1819?
8
What is the hundreds digit of 1213?
2
What is the thousands digit of 4555?
4
What is the thousands digit of 9623?
9
What is the thousands digit of 4246?
4
What is the thousands digit of 1688?
1
What is the thousands digit of 9210?
9
What is the tens digit of 85716?
1
What is the tens digit of 6166?
6
What is the hundred thousands digit of 102211?
1
What is the ten thousands digit of 36398?
3
What is the tens digit of 55457?
5
What is the thousands digit of 17045?
7
What is the thousands digit of 1673?
1
What is the units digit of 3967?
7
What is the hundreds digit of 21102?
1
What is the tens digit of 68577?
7
What is the hundreds digit of 732?
7
What is the thousands digit of 75503?
5
What is the tens digit of 5315?
1
What is the thousands digit of 32190?
2
What is the tens digit of 3039?
3
What is the units digit of 698?
8
What is the thousands digit of 13551?
3
What is the thousands digit of 3664?
3
What is the tens digit of 4637?
3
What is the units digit of 1927?
7
What is the tens digit of 16336?
3
What is the ten thousands digit of 88796?
8
What is the tens digit of 1539?
3
What is the thousands digit of 25022?
5
What is the thousands digit of 68929?
8
What is the thousands digit of 41807?
1
What is the hundreds digit of 176174?
1
What is the units digit of 54073?
3
What is the units digit of 71515?
5
What is the thousands digit of 57500?
7
What is the tens digit of 56199?
9
What is the tens digit of 5451?
5
What is the ten thousands digit of 10501?
1
What is the tens digit of 99?
9
What is the units digit of 126?
6
What is the tens digit of 66028?
2
What is the units digit of 15430?
0
What is the hundred thousands digit of 100052?
1
What is the hundreds digit of 3148?
1
What is the thousands digit of 1210?
1
What is the tens digit of 36153?
5
What is the thousands digit of 20866?
0
What is the hundreds digit of 27058?
0
What is the hundreds digit of 6917?
9
What is the hundreds digit of 2500?
5
What is the hundreds digit of 367?
3
What is the units digit of 58264?
4
What is the ten thousands digit of 25617?
2
What is the units digit of 34?
4
What is the thousands digit of 11918?
1
What is the units digit of 35960?
0
What is the units digit of 2302?
2
What is the units digit of 6951?
1
What is the thousands digit of 4499?
4
What is the hundreds digit of 899?
8
What is the hundreds digit of 1711?
7
What is the units digit of 73174?
4
What is the hundreds digit of 3491?
4
What is the hundreds digit of 2505?
5
What is the tens digit of 9577?
7
What is the units digit of 3142?
2
What is the thousands digit of 8066?
8
What is the units digit of 322?
2
What is the hundreds digit of 23191?
1
What is the hundreds digit of 918?
9
What is the thousands digit of 1038?
1
What is the ten thous